7737?
7
What is the ten millions digit of 61539410?
6
What is the units digit of 11569622?
2
What is the ten millions digit of 136309391?
3
What is the ten millions digit of 81648805?
8
What is the ten thousands digit of 220084912?
8
What is the thousands digit of 24789738?
9
What is the ten thousands digit of 318322573?
2
What is the units digit of 50459541?
1
What is the hundred thousands digit of 3510048658?
0
What is the units digit of 29007609?
9
What is the tens digit of 618269107?
0
What is the hundred millions digit of 912439128?
9
What is the hundred thousands digit of 480056992?
0
What is the hundred millions digit of 568350894?
5
What is the millions digit of 5783140?
5
What is the hundreds digit of 107088640?
6
What is the millions digit of 174746484?
4
What is the ten thousands digit of 4229955?
2
What is the ten thousands digit of 36754866?
5
What is the thousands digit of 47729888?
9
What is the ten thousands digit of 1202575038?
7
What is the millions digit of 175569100?
5
What is the hundreds digit of 30694962?
9
What is the hundred millions digit of 5461020463?
4
What is the tens digit of 10263883?
8
What is the units digit of 502825938?
8
What is the units digit of 1075413343?
3
What is the units digit of 11680848?
8
What is the ten thousands digit of 760226136?
2
What is the units digit of 68140030?
0
What is the hundreds digit of 38066210?
2
What is the ten thousands digit of 182510815?
1
What is the hundred millions digit of 142037205?
1
What is the millions digit of 633069056?
3
What is the ten millions digit of 517087379?
1
What is the ten thousands digit of 51062521?
6
What is the ten millions digit of 39098706?
3
What is the hundreds digit of 31250745?
7
What is the thousands digit of 64958741?
8
What is the hundreds digit of 186571109?
1
What is the millions digit of 1390945146?
0
What is the ten thousands digit of 37839290?
3
What is the units digit of 707370665?
5
What is the millions digit of 199916238?
9
What is the hundreds digit of 1036533747?
7
What is the hundred thousands digit of 1583595311?
5
What is the hundred thousands digit of 117829995?
8
What is the ten millions digit of 83753202?
8
What is the hundred thousands digit of 273518267?
5
What is the millions digit of 43278859?
3
What is the millions digit of 441226107?
1
What is the units digit of 136377991?
1
What is the hundred millions digit of 329447820?
3
What is the millions digit of 13012491?
3
What is the hundred thousands digit of 668208697?
2
What is the units digit of 48728645?
5
What is the tens digit of 508952360?
6
What is the units digit of 14379734?
4
What is the thousands digit of 101294208?
4
What is the billions digit of 2851324941?
2
What is the tens digit of 3590272806?
0
What is the ten thousands digit of 1749812482?
1
What is the ten millions digit of 2625892554?
2
What is the units digit of 628506138?
8
What is the thousands digit of 44189151?
9
What is the millions digit of 72882615?
2
What is the hundred thousands digit of 13746109?
7
What is the billions digit of 1319157560?
1
What is the millions digit of 29395779?
9
What is the ten thousands digit of 1839583?
3
What is the ten thousands digit of 57377343?
7
What is the ten thousands digit of 111522979?
2
What is the ten millions digit of 56555530?
5
What is the thousands digit of 805057712?
7
What is the hundreds digit of 245278383?
3
What is the millions digit of 2162560171?
2
What is the hundred millions digit of 323888840?
3
What is the ten thousands digit of 4422683921?
8
What is the tens digit of 26262374?
7
What is the ten millions digit of 446545168?
4
What is the ten millions digit of 2560723108?
6
What is the tens digit of 2468720666?
6
What is the ten millions digit of 3014067997?
1
What is the units digit of 164042541?
1
What is the hundred thousands digit of 610330603?
3
What is the thousands digit of 156296974?
6
What is the hundred millions digit of 1477221736?
4
What is the millions digit of 132417904?
2
What is the tens digit of 12311874?
7
What is the ten thousands digit of 461807208?
0
What is the tens digit of 342758670?
7
What is the billions digit of 1142919501?
1
What is the hundred thousands digit of 117831846?
8
What is the millions digit of 529001334?
9
What is the ten thousands digit of 1923104973?
0
What is the millions digit of 521991395?
1
What is the billions digit of 7322499856?
7
What is the ten thousands digit of 408385256?
8
What is the hundred thousands digit of 141964323?
9
What is the tens digit of 515264775?
7
What is the hundred thousands digit of 58057780?
0
What is the thousands digit of 302075870?
5
What is the millions digit of 29673799?
9
What is the millions digit of 4155811037?
5
What is the ten millions digit of 309367510?
0
What is the ten thousands digit of 198100125?
0
What is the hundreds digit of 4531036727?
7
What is the thousands digit of 326650220?
0
What is the hundred thousands digit of 737840493?
8
What is the hundreds digit of 58541969?
9
What is the units digit of 556718819?
9
What is the ten millions digit of 823780181?
2
What is the millions digit of 89265050?
9
What is the units digit of 346985903?
3
What is the ten millions digit of 872626808?
7
What is the tens digit of 1470277918?
1
What is the ten thousands digit of 6791715307?
1
What is the hundreds digit of 112940255?
2
What is the billions digit of 3781113334?
3
What is the tens digit of 2504057806?
0
What is the ten millions digit of 3213727373?
1
What is the hundred millions digit of 464016005?
4
What is the millions digit of 155511574?
5
What is the ten thousands digit of 3703658918?
5
What is the ten thousands digit of 85343219?
4
What is the ten millions digit of 76956460?
7
What is the ten millions digit of 881952740?
8
What is the thousands digit of 27915328?
5
What is the thousands digit of 47703588?
3
What is the thousands digit of 143722200?
2
What is the hundred thousands digit of 1078309?
0
What is the tens digit of 1298916540?
4
What is the ten millions digit of 1859656571?
5
What is the hundred thousands digit of 5619362504?
3
What is the hundreds digit of 112492396?
3
What is the thousands digit of 56454485?
4
What is the ten thousands digit of 1157092373?
9
What is the hundred thousands digit of 103589013?
5
What is the thousands digit of 75950515?
0
What is the tens digit of 4377194167?
6
What is the thousands digit of 32956582?
6
What is the thousands digit of 2477700277?
0
What is the ten thousands digit of 80882084?
8
What is the tens digit of 36366532?
3
What is the hundred thousands digit of 232163686?
1
What is the billions digit of 1045116394?
1
What is the hundred millions digit of 103238911?
1
What is the tens digit of 1751970102?
0
What is the thousands digit of 66924108?
4
What is the hundred thousands digit of 574231170?
2
What is the tens digit of 16500516?
1
What is the thousands digit of 2058047972?
7
What is the tens digit of 1926176845?
4
What is the thousands digit of 547844473?
4
What is the hundreds digit of 84725161?
1
What is the millions digit of 100910062?
0
What is the hundred thousands digit of 1336316227?
3
What is the ten millions digit of 31365905?
3
What is the units digit of 75750577?
7
What is the ten thousands digit of 411099596?
9
What is the tens digit of 2358432443?
4
What is the billions digit of 3139897407?
3
What is the thousands digit of 1998047813?
7
What is the millions digit of 2569099285?
9
What is the tens digit of 28859910?
1
What is the units digit of 9425975958?
8
What is the billions digit of 2373030117?
2
What is the ten thousands digit of 46304872?
0
What is the hundreds digit of 9905536?
5
What is the thousands digit of 32649482?
9
What is the ten millions digit of 802828559?
0
What is the hundred thousands digit of 63131219?
1
What is the thousands digit of 1024252282?
2
What is the hundred thousands digit of 11331782?
3
What is the units digit of 37482161?
1
What is the hundreds digit of 74768819?
8
What is the ten millions digit of 34244106?
3
What is the ten millions digit of 915687497?
1
What is the tens digit of 4569237432?
3
What is the ten millions digit of 90758714?
9
What is the hundreds digit of 2401082468?
4
What is the hundred thousands digit of 2433793647?
7
What is the 